{"id":232,"date":"2021-09-09T13:27:36","date_gmt":"2021-09-09T10:27:36","guid":{"rendered":"https:\/\/xml-io.proteusthemes.com\/cargopress\/?page_id=232"},"modified":"2022-10-28T09:24:30","modified_gmt":"2022-10-28T09:24:30","slug":"hakkimizda","status":"publish","type":"page","link":"https:\/\/aylinelektronik.com\/aylin\/hakkimizda\/","title":{"rendered":"HAKKIMIZDA"},"content":{"rendered":"<div id=\"pl-232\" class=\"panel-layout\">\n<div id=\"pg-232-0\" class=\"panel-grid panel-no-style\" data-style=\"{&quot;background_display&quot;:&quot;tile&quot;}\">\n<div id=\"pgc-232-0-0\" class=\"panel-grid-cell\" data-weight=\"0.49994720139351\">\n<div id=\"panel-232-0-0-0\" class=\"so-panel widget widget_black-studio-tinymce widget_black_studio_tinymce panel-first-child panel-last-child\" data-index=\"0\" data-style=\"{&quot;background_image_attachment&quot;:false,&quot;background_display&quot;:&quot;tile&quot;,&quot;featured_widgets&quot;:&quot;&quot;,&quot;bigger_title&quot;:&quot;&quot;}\">\n<div class=\"textwidget\">\n<p style=\"text-align: center;\"><strong>&#8221;HAKKIMIZDA&#8221;<\/strong><\/p>\n<p style=\"text-align: center;\"><strong>Bilgilerinize sundu\u011fumuz bu k\u0131sa tan\u0131t\u0131m yaz\u0131s\u0131 ile firmam\u0131z Aylin ELEKTRON\u0130K hakk\u0131nda fikir sahibi olaca\u011f\u0131n\u0131z\u0131 \u00fcmit ediyoruz. Bu itibarla da birlikte \u00e7al\u0131\u015fma olana\u011f\u0131 bulaca\u011f\u0131m\u0131z inanc\u0131n\u0131 ta\u015f\u0131maktay\u0131z. Firmam\u0131z Aylin ELEKTRON\u0130K 2008 y\u0131l\u0131nda Burdurda\u2019da kurulmu\u015ftur.\u00a0<\/strong><\/p>\n<p style=\"text-align: center;\"><strong>&#8221;Misyonumuz&#8221;<\/strong><\/p>\n<p style=\"text-align: center;\"><strong>Aylin Elektronik Burdur Uydu, Santral, G\u00fcvenlik, Yang\u0131n Alg\u0131lama, Otomasyon ve End\u00fcstriyel Elektronik sekt\u00f6rlerinde kullan\u0131lan \u00fcr\u00fcnleri uluslararas\u0131 kurulu\u015flarca belirlenmi\u015f olan standartlara uygun olarak geli\u015ftirmek, tasarlamak, \u00fcretmek ve kullan\u0131c\u0131lar\u0131n hizmetine sunmak.<\/strong><\/p>\n<p style=\"text-align: center;\"><strong>&#8221;Vizyonumuz&#8221;<\/strong><\/p>\n<p style=\"text-align: center;\"><strong>Yurti\u00e7inde ve d\u00fcnyada yang\u0131n g\u00fcvenlik ve uydu sistemleri sekt\u00f6r\u00fcnde teknolojinin geli\u015fimine katk\u0131 yapan \u00f6nc\u00fc ve lider \u015firketlerden, markalardan biri olmak.<\/strong><\/p>\n<\/div>\n<\/div>\n<\/div>\n<div id=\"pgc-232-0-1\" class=\"panel-grid-cell\" data-weight=\"0.50005279860649\">\n<div id=\"panel-232-0-1-0\" class=\"so-panel widget widget_black-studio-tinymce widget_black_studio_tinymce panel-first-child panel-last-child\" data-index=\"1\" data-style=\"{&quot;background_image_attachment&quot;:false,&quot;background_display&quot;:&quot;tile&quot;,&quot;featured_widgets&quot;:&quot;&quot;,&quot;bigger_title&quot;:&quot;&quot;}\">\n<div class=\"textwidget\"><img loading=\"lazy\" decoding=\"async\" class=\"aligncenter wp-image-1511 \" src=\"https:\/\/aylinelektronik.com\/aylin\/wp-content\/uploads\/2022\/10\/aylinelektroniklogo-1-1024x768.jpg\" alt=\"\" width=\"512\" height=\"384\" srcset=\"https:\/\/aylinelektronik.com\/aylin\/wp-content\/uploads\/2022\/10\/aylinelektroniklogo-1-1024x768.jpg 1024w, https:\/\/aylinelektronik.com\/aylin\/wp-content\/uploads\/2022\/10\/aylinelektroniklogo-1-300x225.jpg 300w, https:\/\/aylinelektronik.com\/aylin\/wp-content\/uploads\/2022\/10\/aylinelektroniklogo-1-768x576.jpg 768w, https:\/\/aylinelektronik.com\/aylin\/wp-content\/uploads\/2022\/10\/aylinelektroniklogo-1-1536x1152.jpg 1536w, https:\/\/aylinelektronik.com\/aylin\/wp-content\/uploads\/2022\/10\/aylinelektroniklogo-1.jpg 2000w\" sizes=\"auto, (max-width: 512px) 100vw, 512px\" \/><\/div>\n<\/div>\n<\/div>\n<\/div>\n<\/div>\n","protected":false},"excerpt":{"rendered":"<p>&#8221;HAKKIMIZDA&#8221; Bilgilerinize sundu\u011fumuz bu k\u0131sa tan\u0131t\u0131m yaz\u0131s\u0131 ile firmam\u0131z Aylin ELEKTRON\u0130K hakk\u0131nda fikir sahibi olaca\u011f\u0131n\u0131z\u0131 \u00fcmit ediyoruz. Bu itibarla da birlikte \u00e7al\u0131\u015fma olana\u011f\u0131 bulaca\u011f\u0131m\u0131z inanc\u0131n\u0131 ta\u015f\u0131maktay\u0131z. Firmam\u0131z Aylin ELEKTRON\u0130K 2008 y\u0131l\u0131nda Burdurda\u2019da kurulmu\u015ftur.\u00a0 &#8221;Misyonumuz&#8221; Aylin Elektronik Burdur Uydu, Santral, G\u00fcvenlik, Yang\u0131n Alg\u0131lama, Otomasyon ve End\u00fcstriyel Elektronik sekt\u00f6rlerinde kullan\u0131lan \u00fcr\u00fcnleri uluslararas\u0131 kurulu\u015flarca belirlenmi\u015f olan standartlara uygun [&hellip;]<\/p>\n","protected":false},"author":1,"featured_media":0,"parent":0,"menu_order":0,"comment_status":"closed","ping_status":"closed","template":"","meta":{"om_disable_all_campaigns":false,"_monsterinsights_skip_tracking":false,"_monsterinsights_sitenote_active":false,"_monsterinsights_sitenote_note":"","_monsterinsights_sitenote_category":0,"footnotes":""},"class_list":["post-232","page","type-page","status-publish","hentry"],"aioseo_notices":[],"_links":{"self":[{"href":"https:\/\/aylinelektronik.com\/aylin\/wp-json\/wp\/v2\/pages\/232","targetHints":{"allow":["GET"]}}],"collection":[{"href":"https:\/\/aylinelektronik.com\/aylin\/wp-json\/wp\/v2\/pages"}],"about":[{"href":"https:\/\/aylinelektronik.com\/aylin\/wp-json\/wp\/v2\/types\/page"}],"author":[{"embeddable":true,"href":"https:\/\/aylinelektronik.com\/aylin\/wp-json\/wp\/v2\/users\/1"}],"replies":[{"embeddable":true,"href":"https:\/\/aylinelektronik.com\/aylin\/wp-json\/wp\/v2\/comments?post=232"}],"version-history":[{"count":2,"href":"https:\/\/aylinelektronik.com\/aylin\/wp-json\/wp\/v2\/pages\/232\/revisions"}],"predecessor-version":[{"id":1517,"href":"https:\/\/aylinelektronik.com\/aylin\/wp-json\/wp\/v2\/pages\/232\/revisions\/1517"}],"wp:attachment":[{"href":"https:\/\/aylinelektronik.com\/aylin\/wp-json\/wp\/v2\/media?parent=232"}],"curies":[{"name":"wp","href":"https:\/\/api.w.org\/{rel}","templated":true}]}}

<div id="pl-232" class="panel-layout">
<div id="pg-232-0" class="panel-grid panel-no-style" data-style="{&quot;background_display&quot;:&quot;tile&quot;}">
<div id="pgc-232-0-0" class="panel-grid-cell" data-weight="0.49994720139351">
<div id="panel-232-0-0-0" class="so-panel widget widget_black-studio-tinymce widget_black_studio_tinymce panel-first-child panel-last-child" data-index="0" data-style="{&quot;background_image_attachment&quot;:false,&quot;background_display&quot;:&quot;tile&quot;,&quot;featured_widgets&quot;:&quot;&quot;,&quot;bigger_title&quot;:&quot;&quot;}">
<div class="textwidget">
<p style="text-align: center;"><strong>&#8221;HAKKIMIZDA&#8221;</strong></p>
<p style="text-align: center;"><strong>Bilgilerinize sunduğumuz bu kısa tanıtım yazısı ile firmamız Aylin ELEKTRONİK hakkında fikir sahibi olacağınızı ümit ediyoruz. Bu itibarla da birlikte çalışma olanağı bulacağımız inancını taşımaktayız. Firmamız Aylin ELEKTRONİK 2008 yılında Burdurda’da kurulmuştur. </strong></p>
<p style="text-align: center;"><strong>&#8221;Misyonumuz&#8221;</strong></p>
<p style="text-align: center;"><strong>Aylin Elektronik Burdur Uydu, Santral, Güvenlik, Yangın Algılama, Otomasyon ve Endüstriyel Elektronik sektörlerinde kullanılan ürünleri uluslararası kuruluşlarca belirlenmiş olan standartlara uygun olarak geliştirmek, tasarlamak, üretmek ve kullanıcıların hizmetine sunmak.</strong></p>
<p style="text-align: center;"><strong>&#8221;Vizyonumuz&#8221;</strong></p>
<p style="text-align: center;"><strong>Yurtiçinde ve dünyada yangın güvenlik ve uydu sistemleri sektöründe teknolojinin gelişimine katkı yapan öncü ve lider şirketlerden, markalardan biri olmak.</strong></p>
</div>
</div>
</div>
<div id="pgc-232-0-1" class="panel-grid-cell" data-weight="0.50005279860649">
<div id="panel-232-0-1-0" class="so-panel widget widget_black-studio-tinymce widget_black_studio_tinymce panel-first-child panel-last-child" data-index="1" data-style="{&quot;background_image_attachment&quot;:false,&quot;background_display&quot;:&quot;tile&quot;,&quot;featured_widgets&quot;:&quot;&quot;,&quot;bigger_title&quot;:&quot;&quot;}">
<div class="textwidget"><img loading="lazy" decoding="async" class="aligncenter wp-image-1511 " src="https://aylinelektronik.com/aylin/wp-content/uploads/2022/10/aylinelektroniklogo-1-1024x768.jpg" alt="" width="512" height="384" srcset="https://aylinelektronik.com/aylin/wp-content/uploads/2022/10/aylinelektroniklogo-1-1024x768.jpg 1024w, https://aylinelektronik.com/aylin/wp-content/uploads/2022/10/aylinelektroniklogo-1-300x225.jpg 300w, https://aylinelektronik.com/aylin/wp-content/uploads/2022/10/aylinelektroniklogo-1-768x576.jpg 768w, https://aylinelektronik.com/aylin/wp-content/uploads/2022/10/aylinelektroniklogo-1-1536x1152.jpg 1536w, https://aylinelektronik.com/aylin/wp-content/uploads/2022/10/aylinelektroniklogo-1.jpg 2000w" sizes="auto, (max-width: 512px) 100vw, 512px" /></div>
</div>
</div>
</div>
</div>

<p>&#8221;HAKKIMIZDA&#8221; Bilgilerinize sunduğumuz bu kısa tanıtım yazısı ile firmamız Aylin ELEKTRONİK hakkında fikir sahibi olacağınızı ümit ediyoruz. Bu itibarla da birlikte çalışma olanağı bulacağımız inancını taşımaktayız. Firmamız Aylin ELEKTRONİK 2008 yılında Burdurda’da kurulmuştur.  &#8221;Misyonumuz&#8221; Aylin Elektronik Burdur Uydu, Santral, Güvenlik, Yangın Algılama, Otomasyon ve Endüstriyel Elektronik sektörlerinde kullanılan ürünleri uluslararası kuruluşlarca belirlenmiş olan standartlara uygun [&hellip;]</p>
