{"id":1247,"date":"2021-11-03T12:11:52","date_gmt":"2021-11-03T09:11:52","guid":{"rendered":"https:\/\/aylinelektronik.com\/?page_id=1247"},"modified":"2022-10-28T13:00:48","modified_gmt":"2022-10-28T13:00:48","slug":"tarim-sulama-sistemleri-aylinelektronikburdur","status":"publish","type":"page","link":"https:\/\/aylinelektronik.com\/aylin\/hizmetlerimiz\/tarim-sulama-sistemleri-aylinelektronikburdur\/","title":{"rendered":"Tar\u0131m Sulama Sistemleri"},"content":{"rendered":"<div id=\"pl-1247\" class=\"panel-layout\">\n<div id=\"pg-1247-0\" class=\"panel-grid panel-no-style\" data-style=\"{&quot;background_image_attachment&quot;:false,&quot;background_display&quot;:&quot;tile&quot;,&quot;cell_alignment&quot;:&quot;flex-start&quot;}\">\n<div id=\"pgc-1247-0-0\" class=\"panel-grid-cell\" data-weight=\"0.5\">\n<div id=\"panel-1247-0-0-0\" class=\"so-panel widget widget_black-studio-tinymce widget_black_studio_tinymce panel-first-child panel-last-child\" data-index=\"0\" data-style=\"{&quot;background_image_attachment&quot;:false,&quot;background_display&quot;:&quot;tile&quot;,&quot;featured_widgets&quot;:&quot;&quot;,&quot;bigger_title&quot;:&quot;&quot;}\">\n<div class=\"textwidget\">\n<h4>Cihazlar\u0131n\u0131z\u0131 sadece SMS ve ARAMA ile uzaktan kontrol edin.<\/h4>\n<p>Bah\u00e7e ve tarla sulamalar\u0131, garaj kap\u0131s\u0131, \u0131s\u0131t\u0131c\u0131, so\u011futucu, ayd\u0131nlatma gibi bir\u00e7ok cihaz\u0131 GSM R\u00f6le ile kontrol edebilir, zamandan ve enerjiden tasarruf edebilirsiniz. Gsm Kontrol Sistemi, internete ba\u011fl\u0131 kalmadan servis sa\u011flay\u0131c\u0131n\u0131z\u0131n kapsama alan\u0131ndaki her noktada size hizmet edecektir.<\/p>\n<div class=\"container\">\n<div class=\"row\">\n<div class=\"right-text offset-lg-1 col-lg-6 col-md-12 col-sm-12 mobile-bottom-fix\">\n<div class=\"text\">\n<h4><img loading=\"lazy\" decoding=\"async\" class=\"alignnone size-full wp-image-1529\" src=\"https:\/\/aylinelektronik.com\/aylin\/wp-content\/uploads\/2022\/10\/anakart-icon-3.png\" alt=\"\" width=\"128\" height=\"128\" \/><\/h4>\n<h4>\u0130nternete \u0130htiyac\u0131n\u0131z Yok<\/h4>\n<p>\u0130nternete ihtiya\u00e7 duymad\u0131\u011f\u0131 i\u00e7in k\u0131rsal alanlarda rahatl\u0131kla kullan\u0131l\u0131r.<\/p>\n<p>Tek \u0130htiyac\u0131n\u0131z, servis sa\u011flay\u0131c\u0131n\u0131z\u0131n kapsama alan\u0131nda bulunman\u0131z. Sms ve Arama yaparak cihazlar\u0131n\u0131z\u0131 y\u00f6netebilirsiniz.<\/p>\n<\/div>\n<p><img loading=\"lazy\" decoding=\"async\" class=\"alignnone size-full wp-image-1530\" src=\"https:\/\/aylinelektronik.com\/aylin\/wp-content\/uploads\/2022\/10\/lan-icon-2.png\" alt=\"\" width=\"128\" height=\"128\" \/><\/p>\n<div class=\"text\">\n<h4>Teknik \u00d6zellikler<\/h4>\n<p>Standart SIM kart\u0131 ile \u00e7al\u0131\u015f\u0131r. 12V (24V opsiyonel) \u00e7al\u0131\u015fma voltaj\u0131. Solar panel ile \u00e7al\u0131\u015fabilme. Max 10A r\u00f6le \u00e7\u0131k\u0131\u015f\u0131. 1 adet sens\u00f6r giri\u015fi. Boyutlar: 10cmx5cmx3cm<\/p>\n<\/div>\n<p><img loading=\"lazy\" decoding=\"async\" class=\"alignnone size-full wp-image-1531\" src=\"https:\/\/aylinelektronik.com\/aylin\/wp-content\/uploads\/2022\/10\/wifi.png\" alt=\"\" width=\"128\" height=\"128\" \/><\/p>\n<div class=\"text\">\n<h4>\u0130\u00e7erik<\/h4>\n<p>GSM R\u00f6le, Y\u00fcksek frekansl\u0131 anten, G\u00fc\u00e7 adapt\u00f6r\u00fc, Ba\u011flant\u0131 klemensleri, Kullan\u0131m klavuzu. (SIM kart\u0131 ve operat\u00f6r hizmeti kutuya dahil de\u011fildir)<\/p>\n<\/div>\n<\/div>\n<\/div>\n<\/div>\n<\/div>\n<\/div>\n<\/div>\n<div id=\"pgc-1247-0-1\" class=\"panel-grid-cell\" data-weight=\"0.5\">\n<div id=\"panel-1247-0-1-0\" class=\"so-panel widget widget_black-studio-tinymce widget_black_studio_tinymce panel-first-child panel-last-child\" data-index=\"1\" data-style=\"{&quot;background_image_attachment&quot;:false,&quot;background_display&quot;:&quot;tile&quot;,&quot;featured_widgets&quot;:&quot;&quot;,&quot;bigger_title&quot;:&quot;&quot;}\">\n<div class=\"textwidget\"><img loading=\"lazy\" decoding=\"async\" class=\"alignnone  wp-image-1532\" src=\"https:\/\/aylinelektronik.com\/aylin\/wp-content\/uploads\/2022\/10\/gsm.png\" alt=\"\" width=\"390\" height=\"385\" srcset=\"https:\/\/aylinelektronik.com\/aylin\/wp-content\/uploads\/2022\/10\/gsm.png 803w, https:\/\/aylinelektronik.com\/aylin\/wp-content\/uploads\/2022\/10\/gsm-300x296.png 300w, https:\/\/aylinelektronik.com\/aylin\/wp-content\/uploads\/2022\/10\/gsm-768x758.png 768w\" sizes=\"auto, (max-width: 390px) 100vw, 390px\" \/><\/div>\n<\/div>\n<\/div>\n<\/div>\n<\/div>\n","protected":false},"excerpt":{"rendered":"<p>Cihazlar\u0131n\u0131z\u0131 sadece SMS ve ARAMA ile uzaktan kontrol edin. Bah\u00e7e ve tarla sulamalar\u0131, garaj kap\u0131s\u0131, \u0131s\u0131t\u0131c\u0131, so\u011futucu, ayd\u0131nlatma gibi bir\u00e7ok cihaz\u0131 GSM R\u00f6le ile kontrol edebilir, zamandan ve enerjiden tasarruf edebilirsiniz. Gsm Kontrol Sistemi, internete ba\u011fl\u0131 kalmadan servis sa\u011flay\u0131c\u0131n\u0131z\u0131n kapsama alan\u0131ndaki her noktada size hizmet edecektir. \u0130nternete \u0130htiyac\u0131n\u0131z Yok \u0130nternete ihtiya\u00e7 duymad\u0131\u011f\u0131 i\u00e7in k\u0131rsal alanlarda [&hellip;]<\/p>\n","protected":false},"author":1,"featured_media":0,"parent":76,"menu_order":0,"comment_status":"closed","ping_status":"closed","template":"","meta":{"om_disable_all_campaigns":false,"_monsterinsights_skip_tracking":false,"_monsterinsights_sitenote_active":false,"_monsterinsights_sitenote_note":"","_monsterinsights_sitenote_category":0,"footnotes":""},"class_list":["post-1247","page","type-page","status-publish","hentry"],"aioseo_notices":[],"_links":{"self":[{"href":"https:\/\/aylinelektronik.com\/aylin\/wp-json\/wp\/v2\/pages\/1247","targetHints":{"allow":["GET"]}}],"collection":[{"href":"https:\/\/aylinelektronik.com\/aylin\/wp-json\/wp\/v2\/pages"}],"about":[{"href":"https:\/\/aylinelektronik.com\/aylin\/wp-json\/wp\/v2\/types\/page"}],"author":[{"embeddable":true,"href":"https:\/\/aylinelektronik.com\/aylin\/wp-json\/wp\/v2\/users\/1"}],"replies":[{"embeddable":true,"href":"https:\/\/aylinelektronik.com\/aylin\/wp-json\/wp\/v2\/comments?post=1247"}],"version-history":[{"count":2,"href":"https:\/\/aylinelektronik.com\/aylin\/wp-json\/wp\/v2\/pages\/1247\/revisions"}],"predecessor-version":[{"id":1533,"href":"https:\/\/aylinelektronik.com\/aylin\/wp-json\/wp\/v2\/pages\/1247\/revisions\/1533"}],"up":[{"embeddable":true,"href":"https:\/\/aylinelektronik.com\/aylin\/wp-json\/wp\/v2\/pages\/76"}],"wp:attachment":[{"href":"https:\/\/aylinelektronik.com\/aylin\/wp-json\/wp\/v2\/media?parent=1247"}],"curies":[{"name":"wp","href":"https:\/\/api.w.org\/{rel}","templated":true}]}}