{"id":1001,"date":"2021-04-23T11:19:03","date_gmt":"2021-04-23T08:19:03","guid":{"rendered":"https:\/\/xml-io.proteusthemes.com\/cargopress\/?page_id=78"},"modified":"2022-10-28T12:54:40","modified_gmt":"2022-10-28T12:54:40","slug":"oto-ses-sistemleri-aylinelektronikburdur","status":"publish","type":"page","link":"https:\/\/aylinelektronik.com\/aylin\/hizmetlerimiz\/oto-ses-sistemleri-aylinelektronikburdur\/","title":{"rendered":"Oto Ses Sistemleri"},"content":{"rendered":"<div id=\"pl-1001\" class=\"panel-layout\">\n<div id=\"pg-1001-0\" class=\"panel-grid panel-no-style\">\n<div id=\"pgc-1001-0-0\" class=\"panel-grid-cell\" data-weight=\"0.5\">\n<div id=\"panel-1001-0-0-0\" class=\"so-panel widget widget_black-studio-tinymce widget_black_studio_tinymce panel-first-child panel-last-child\" data-index=\"0\" data-style=\"{&quot;background_image_attachment&quot;:false,&quot;background_display&quot;:&quot;tile&quot;,&quot;featured_widgets&quot;:&quot;&quot;,&quot;bigger_title&quot;:&quot;&quot;}\">\n<div class=\"textwidget\">M\u00fc\u015fterilerimize Kaliteli ve Do\u011fal bir oto m\u00fczik sistemi sunmak i\u00e7in, en son model HOPARL\u00d6RLER, En iyi bas sesleri duyabilmek i\u00e7in SUBWOOFER, 100Hz &#8211; 300Hz aras\u0131ndaki baslar i\u00e7in MID BAS, 300 hz ile yakla\u015f\u0131k 3 Khz aras\u0131ndaki sesler i\u00e7in MIDRANGE, 3 Khz ve \u00fcst\u00fcndeki sesler i\u00e7in TWEETER, ses g\u00fcc\u00fcn\u00fc artt\u0131rmak i\u00e7in AMFI ve sisteminiz ve arac\u0131n\u0131z i\u00e7in en uygun OTO TEYP kullanmaktay\u0131z. Montaj esnas\u0131nda gerekli hususlara g\u00f6re montaj yap\u0131lmaktad\u0131r.<\/p>\n<h5>KULLANDI\u011eIMIZ OTO SES ve G\u00d6R\u00dcNT\u00dc S\u0130STEMLER\u0130 MARKALARIMIZ<\/h5>\n<ul>\n<li>Pioneer Oto Ses ve G\u00f6r\u00fcnt\u00fc Sistemleri<\/li>\n<li>Jameson Oto Ses ve G\u00f6r\u00fcnt\u00fc Sistemleri<\/li>\n<li>Piranha Oto Ses ve G\u00f6r\u00fcnt\u00fc Sistemleri<\/li>\n<li>MagicVoice Oto Ses ve G\u00f6r\u00fcnt\u00fc Sistemleri<\/li>\n<li>Navigold Oto Ses ve G\u00f6r\u00fcnt\u00fc Sistemleri<\/li>\n<li>Kamosonic Oto Ses ve G\u00f6r\u00fcnt\u00fc Sistemleri<\/li>\n<li>Kenwood Oto Ses ve G\u00f6r\u00fcnt\u00fc Sistemleri<\/li>\n<li>Powerway Oto Ses ve G\u00f6r\u00fcnt\u00fc Sistemleri<\/li>\n<li>ElektromerOto Ses ve G\u00f6r\u00fcnt\u00fc Sistemleri<\/li>\n<li>Mikado Oto Ses ve G\u00f6r\u00fcnt\u00fc Sistemleri<\/li>\n<li>Powermaster Oto Ses ve G\u00f6r\u00fcnt\u00fc Sistemleri<\/li>\n<li>Sony Oto Ses ve G\u00f6r\u00fcnt\u00fc Sistemleri<\/li>\n<li>Oem Oto Ses ve G\u00f6r\u00fcnt\u00fc Sistemleri<\/li>\n<li>Harward Oto Ses ve G\u00f6r\u00fcnt\u00fc Sistemleri<\/li>\n<li>Jmk Oto Ses ve G\u00f6r\u00fcnt\u00fc Sistemleri<\/li>\n<li>S-Link Oto Ses ve G\u00f6r\u00fcnt\u00fc Sistemleri<\/li>\n<li>JBL Oto Ses ve G\u00f6r\u00fcnt\u00fc Sistemleri<\/li>\n<li>LG Oto Ses ve G\u00f6r\u00fcnt\u00fc Sistemleri<\/li>\n<li>Do\u011fan Oto Ses ve G\u00f6r\u00fcnt\u00fc Sistemleri<\/li>\n<li>Leone Oem Oto Ses ve G\u00f6r\u00fcnt\u00fc Sistemleri<\/li>\n<li>Roadstar Oto Ses ve G\u00f6r\u00fcnt\u00fc Sistemleri<\/li>\n<li>Rose Oto Ses ve G\u00f6r\u00fcnt\u00fc Sistemleri<\/li>\n<li>Voice Oto Ses ve G\u00f6r\u00fcnt\u00fc Sistemleri<\/li>\n<li>Avgo Oto Ses ve G\u00f6r\u00fcnt\u00fc Sistemleri<\/li>\n<li>K\u00f6nig Oto Ses ve G\u00f6r\u00fcnt\u00fc Sistemleri<\/li>\n<li>Class Oto Ses ve G\u00f6r\u00fcnt\u00fc Sistemleri<\/li>\n<li>Everest Oto Ses ve G\u00f6r\u00fcnt\u00fc Sistemleri<\/li>\n<li>JVC Oto Ses ve G\u00f6r\u00fcnt\u00fc Sistemleri<\/li>\n<li>Kenwood Oto Ses ve G\u00f6r\u00fcnt\u00fc Sistemleri<\/li>\n<li>Multimax Oto Ses ve G\u00f6r\u00fcnt\u00fc Sistemleri<\/li>\n<li>Platoon Oto Ses ve G\u00f6r\u00fcnt\u00fc Sistemleri<\/li>\n<li>Skytech Oto Ses ve G\u00f6r\u00fcnt\u00fc Sistemleri<\/li>\n<li>Sony Oto Ses ve G\u00f6r\u00fcnt\u00fc Sistemleri<\/li>\n<li>Soundmax Oto Ses ve G\u00f6r\u00fcnt\u00fc Sistemleri<\/li>\n<li>Cbox Oto Ses ve G\u00f6r\u00fcnt\u00fc Sistemleri<\/li>\n<li>Digiline Oto Ses ve G\u00f6r\u00fcnt\u00fc Sistemleri<\/li>\n<li>Focus Oto Ses ve G\u00f6r\u00fcnt\u00fc Sistemleri<\/li>\n<li>For-x Oto Ses ve G\u00f6r\u00fcnt\u00fc Sistemleri<\/li>\n<li>Hiremco Oto Ses ve G\u00f6r\u00fcnt\u00fc Sistemleri<\/li>\n<li>Hytech Oto Ses ve G\u00f6r\u00fcnt\u00fc Sistemleri<\/li>\n<li>Inifinity Oto Ses ve G\u00f6r\u00fcnt\u00fc Sistemleri<\/li>\n<li>JBC Oto Ses ve G\u00f6r\u00fcnt\u00fc Sistemleri<\/li>\n<li>Millenium Oto Ses ve G\u00f6r\u00fcnt\u00fc Sistemleri<\/li>\n<li>Minister Oto Ses ve G\u00f6r\u00fcnt\u00fc Sistemleri<\/li>\n<li>Mobass Oto Ses ve G\u00f6r\u00fcnt\u00fc Sistemleri<\/li>\n<li>Necvox Oto Ses ve G\u00f6r\u00fcnt\u00fc Sistemleri<\/li>\n<li>Philips Oto Ses ve G\u00f6r\u00fcnt\u00fc Sistemleri<\/li>\n<li>Raydostar Oto Ses ve G\u00f6r\u00fcnt\u00fc Sistemleri<\/li>\n<li>Roadstar Oto Ses ve G\u00f6r\u00fcnt\u00fc Sistemleri<\/li>\n<li>Rowell Oto Ses ve G\u00f6r\u00fcnt\u00fc Sistemleri<\/li>\n<li>S-Link Oto Ses ve G\u00f6r\u00fcnt\u00fc Sistemleri<\/li>\n<li>Skytech Oto Ses ve G\u00f6r\u00fcnt\u00fc Sistemleri<\/li>\n<li>Technomax Oto Ses ve G\u00f6r\u00fcnt\u00fc Sistemleri<\/li>\n<\/ul>\n<\/div>\n<\/div>\n<\/div>\n<div id=\"pgc-1001-0-1\" class=\"panel-grid-cell\" data-weight=\"0.5\">\n<div id=\"panel-1001-0-1-0\" class=\"so-panel widget widget_black-studio-tinymce widget_black_studio_tinymce panel-first-child panel-last-child\" data-index=\"1\" data-style=\"{&quot;background_image_attachment&quot;:false,&quot;background_display&quot;:&quot;tile&quot;,&quot;featured_widgets&quot;:&quot;&quot;,&quot;bigger_title&quot;:&quot;&quot;}\">\n<div class=\"textwidget\"><img loading=\"lazy\" decoding=\"async\" class=\"alignnone size-medium wp-image-1526\" src=\"https:\/\/aylinelektronik.com\/aylin\/wp-content\/uploads\/2022\/10\/10413125009458-300x250.jpg\" alt=\"\" width=\"300\" height=\"250\" srcset=\"https:\/\/aylinelektronik.com\/aylin\/wp-content\/uploads\/2022\/10\/10413125009458-300x250.jpg 300w, https:\/\/aylinelektronik.com\/aylin\/wp-content\/uploads\/2022\/10\/10413125009458.jpg 360w\" sizes=\"auto, (max-width: 300px) 100vw, 300px\" \/><\/div>\n<\/div>\n<\/div>\n<\/div>\n<\/div>\n","protected":false},"excerpt":{"rendered":"<p>M\u00fc\u015fterilerimize Kaliteli ve Do\u011fal bir oto m\u00fczik sistemi sunmak i\u00e7in, en son model HOPARL\u00d6RLER, En iyi bas sesleri duyabilmek i\u00e7in&#8230;<\/p>\n","protected":false},"author":1,"featured_media":1264,"parent":76,"menu_order":0,"comment_status":"closed","ping_status":"closed","template":"","meta":{"om_disable_all_campaigns":false,"_monsterinsights_skip_tracking":false,"_monsterinsights_sitenote_active":false,"_monsterinsights_sitenote_note":"","_monsterinsights_sitenote_category":0,"footnotes":""},"class_list":["post-1001","page","type-page","status-publish","has-post-thumbnail","hentry"],"aioseo_notices":[],"_links":{"self":[{"href":"https:\/\/aylinelektronik.com\/aylin\/wp-json\/wp\/v2\/pages\/1001","targetHints":{"allow":["GET"]}}],"collection":[{"href":"https:\/\/aylinelektronik.com\/aylin\/wp-json\/wp\/v2\/pages"}],"about":[{"href":"https:\/\/aylinelektronik.com\/aylin\/wp-json\/wp\/v2\/types\/page"}],"author":[{"embeddable":true,"href":"https:\/\/aylinelektronik.com\/aylin\/wp-json\/wp\/v2\/users\/1"}],"replies":[{"embeddable":true,"href":"https:\/\/aylinelektronik.com\/aylin\/wp-json\/wp\/v2\/comments?post=1001"}],"version-history":[{"count":1,"href":"https:\/\/aylinelektronik.com\/aylin\/wp-json\/wp\/v2\/pages\/1001\/revisions"}],"predecessor-version":[{"id":1527,"href":"https:\/\/aylinelektronik.com\/aylin\/wp-json\/wp\/v2\/pages\/1001\/revisions\/1527"}],"up":[{"embeddable":true,"href":"https:\/\/aylinelektronik.com\/aylin\/wp-json\/wp\/v2\/pages\/76"}],"wp:featuredmedia":[{"embeddable":true,"href":"https:\/\/aylinelektronik.com\/aylin\/wp-json\/"}],"wp:attachment":[{"href":"https:\/\/aylinelektronik.com\/aylin\/wp-json\/wp\/v2\/media?parent=1001"}],"curies":[{"name":"wp","href":"https:\/\/api.w.org\/{rel}","templated":true}]}}